the highest common factor of 44 and d?
4
Let j = 19 + 2. Calculate the highest common divisor of 7 and j.
7
Let c be (-3 + 0 - -2) + 78. Let w = 31 + -24. Calculate the greatest common divisor of c and w.
7
Let r be 2*(-1)/4*-18. Let q be 1/((3 - 1)/4). Suppose -q*l - 100 = -5*w, -4*w + l = -3*l - 92. Calculate the greatest common factor of w and r.
9
Let o be ((80 - 3)/(-4 - -3))/(-1). Calculate the greatest common divisor of o and 11.
11
Suppose -1138 = -5*g - 148. What is the highest common factor of 18 and g?
18
Suppose -5 = 2*h - 21. Let m(z) = -8*z - 12. Let c be m(-3). Calculate the highest common divisor of c and h.
4
Let b(m) = 0*m**2 + 1 - 3*m - 7*m**2 - m**3 + 1. Let y be b(-6). Let s = 29 + y. Calculate the highest common divisor of s and 91.
13
Let j(y) = y**3 - 2*y**2 + 3*y - 5. Let v be j(3). What is the highest common factor of 91 and v?
13
Suppose -2*h + 31 = 1. Suppose -3*m + 2*c = 23 - 7, -6 = -2*m - 2*c. Let x be m + (-2 - -3) + h. Calculate the greatest common divisor of x and 14.
14
Let y(c) = 6*c**2 - 6*c - 3. Let w be y(7). Let k = w + -139. Let h be (-435)/(-10) - (-2)/4. Calculate the highest common factor of k and h.
22
Let u(h) = 2*h + 52. Let v be u(-13). What is the highest common divisor of v and 13?
13
Let c = -5 - -8. Let x be 384/18 - (-2)/c. Calculate the highest common factor of x and 110.
22
Suppose -3*g + 244 - 64 = 0. Suppose 4*q = -0*q + 96. Calculate the highest common factor of q and g.
12
Suppose -4*u + u + 258 = 2*v, 0 = -u + v + 81. What is the greatest common factor of u and 56?
28
Suppose 3*h - 76 = -3*a - 2*h, -3*h = 2*a - 50. What is the greatest common divisor of a and 22?
22
Let j = -81 - -129. Let z be 0/2 - (1 - 7). What is the greatest common factor of j and z?
6
Suppose -2*s = -3*s + 4*z + 39, 0 = -s - 5*z + 3. Suppose -5*i - s = -l - 0*l, -5*l + i + 19 = 0. Let j = 25 - l. What is the greatest common factor of j and 2?
2
Suppose 5*v - 4*w = -2, 5*v - 4*v - 5 = -w. Calculate the greatest common divisor of v and 16.
2
Suppose -3*t - 160 = -5*t. Suppose -l = -4*x + 75, -4*l + 15 = -l. Calculate the greatest common divisor of x and t.
20
Let u(q) = -q**3 - 11*q**2 - q - 4. Let t be u(-11). What is the greatest common factor of 56 and t?
7
Let z(t) = -t**2 + 11*t + 20. Let c be z(11). Calculate the greatest common factor of 140 and c.
20
Let l(r) = -r**3 - 10*r**2 - r - 7. Let a be l(-10). What is the highest common factor of a and 6?
3
Let p(k) = k + 1. Let t be p(-1). Suppose t = -w - 1, 5*w - 3*w + 38 = 4*g. Let m be (-6)/27 + 1300/18. What is the highest common factor of m and g?
9
Suppose c + 18 = 3*c. Suppose 0 = h - 1 - 5. What is the greatest common divisor of h and c?
3
Suppose 0 + 2 = 2*h. Let y(s) = -s**2 + 8*s - 4. Let k be y(3). What is the highest common divisor of h and k?
1
Let b(o) = 1 + 0 - 3*o - 6. Let p be b(-7). Let i be 1/((-10)/(-4))*40. What is the highest common factor of p and i?
16
Let m(z) = -z**3 + 6*z**2 + 5. Let p be m(6). Suppose p = -5*b + 15. What is the greatest common divisor of b and 16?
2
Let y = -5 - -9. Let f = 5 - -15. What is the highest common factor of y and f?
4
Let o(i) = -2*i**2 + 65*i - 2. Let n be o(32). Calculate the highest common divisor of n and 240.
30
Suppose 2*t - 136 = -2*t. Let n = t + -17. What is the highest common divisor of n and 17?
17
Suppose -5*d + 82 = 4*i - i, 4*d - 154 = -5*i. Calculate the highest common factor of 17 and i.
17
Let y be -19 + 19 + 7 + 0. Let r = -42 - -77. What is the greatest common divisor of r and y?
7
Let c(n) = -3*n + 0*n**2 + 2*n - n**2 - 32*n**3. Let s be c(-1). Calculate the greatest common factor of 4 and s.
4
Let k = 9 - 17. Let s be (6/k)/(1/(-8)). What is the highest common factor of 2 and s?
2
Let y be ((-28)/35)/((-4)/30). What is the greatest common divisor of 9 and y?
3
Let i be 3*-1*(-2)/3. Let o = -5 - -10. Suppose 66 = o*h - 4*t, h + 5*t + 6 = -4. Calculate the highest common factor of i and h.
2
Let k(r) = r**3 - 4*r**2 - 3*r - 2. Let j be k(5). What is the highest common factor of j and 24?
8
Suppose -5*q + 2*q + 51 = s, -34 = -2*q - s. Calculate the highest common divisor of q and 153.
17
Let x be (0 - -198)*(-128)/(-256). Let z(v) = 11*v**3 - v + 1. Suppose m + 0*m - 1 = 0. Let r be z(m). Calculate the highest common factor of x and r.
11
Let h = 298 + -179. What is the highest common divisor of 17 and h?
17
Let p(g) = g**3 - 3*g**2 - 5*g + 6. Suppose -15 + 3 = -3*s. Let y be p(s). What is the greatest common divisor of y and 20?
2
Let m(l) = l**3 - 7*l**2 - 7*l - 9. Let o be m(8). Let k be -2 + 0/((-2)/o). Let x be 71 - 2/(k + 4). What is the greatest common divisor of x and 14?
14
Suppose 2*i - 24 = -8. Let q(k) = k**3 + 4*k**2 - 2*k + 7. Let z be q(-5). Let u be (2 + z)*(-96)/9. Calculate the greatest common factor of i and u.
8
Let j(b) = b**3 + b**2 + 132. Let i be j(0). Suppose 0 = 5*y - 2*y + 51. Let p = y + 29. Calculate the highest common divisor of i and p.
12
Let n be ((0 + -1)*3)/(10/(-170)). Calculate the greatest common factor of n and 357.
51
Let o = -171 - -369. Calculate the highest common divisor of 18 and o.
18
Let q be 14/21*18/(-4). Let a(p) = -27*p - 4. Let m be a(q). Calculate the highest common factor of 7 and m.
7
Suppose -6*n = -2*n - 180. Let j(x) = -x**3 - 7*x**2 - 5*x + 8. Let h be j(-6). Suppose -5 = -h*k + k. Calculate the highest common factor of k and n.
5
Let m be 1/(2/3)*6. Let y be (2 + 158*-1)/(-1). Let i = y + -84. What is the highest common factor of m and i?
9
Suppose 5*f - 157 + 57 = 0. Suppose 5*n = -0 + 50. What is the greatest common factor of f and n?
10
Let t = 25 - 21. Calculate the greatest common divisor of 8 and t.
4
Let d be 4/(-5)*5/(-2). Suppose -3 = -x + d. What is the highest common divisor of 5 and x?
5
Let w be ((-261)/(-2) - (-1)/(-2)) + -4. Calculate the highest common factor of 28 and w.
14
Let l(w) = 16*w - 7 - 7*w + 3*w**2 - 4*w**2. Let o be 2/(-8) + (-29)/(-4). Let d be l(o). Calculate the greatest common divisor of d and 21.
7
Let l(o) = -4*o - 6. Let p be l(5). Let v be (-1642)/p + (-2)/13. What is the greatest common divisor of 42 and v?
21
Let x be 4/(-18) + (-1356)/(-27). Calculate the highest common factor of 25 and x.
25
Suppose 3*z + 0*z - 21 = 0. Let y(w) = w**3 - 7*w**2 + 3*w - 1. Let b be y(z). Let d be 12 - (-2*1 + 4). Calculate the greatest common divisor of d and b.
10
Let a be (-4)/(-8)*(-8)/(-1). Suppose 2*x = -2*f - 234, 0 = -x - 3*x + a. Let h be 5/20 - f/8. What is the greatest common divisor of 15 and h?
15
Suppose u + 2*j - 9 - 16 = 0, 0 = 3*u + j - 65. Suppose 2*f + u = 69. What is the greatest common factor of f and 16?
8
Let y = 53 - -43. Calculate the greatest common factor of y and 6.
6
Let h(j) = j**2 - 5*j - 7. Let p be h(7). What is the highest common divisor of p and 77?
7
Suppose -11 = -3*h + 4*m, 0 = -h - 2*h - 4*m - 5. Suppose -5*o = -4 - h. What is the greatest common divisor of 11 and o?
1
Let x = -248 - -360. Let c(g) = -3*g**3 + g**2 + g - 1. Let t be c(1). Let a be ((-14)/(-1))/((-2)/t). What is the greatest common factor of a and x?
14
Suppose -10 = -2*c - 0. Suppose -c = -v - 2. Suppose 0 = -4*m + 5*o + 54, -m + 2*m - v*o - 17 = 0. Calculate the highest common factor of 44 and m.
11
Suppose 3*p - 5*p = -18. What is the greatest common factor of 27 and p?
9
Suppose -2*w - 36 = -4*y + 2*w, 20 = 2*y - 3*w. Calculate the greatest common divisor of 63 and y.
7
Let t(q) = -11*q + 2. Let c be t(2). Let z be (c/6)/(1/(-6)). Suppose -f - z = -128. What is the greatest common factor of 12 and f?
12
Let m be 1/(-2) - 13/(-2). Let o(w) = -w**3 - 6*w**2 - 6*w - 3. Let c be o(-5). Calculate the highest common factor of c and m.
2
Let v = -5 + 1. Let r be (-9)/(-36) + (-251)/v. Calculate the greatest common divisor of r and 21.
21
Let u(o) = 3*o**2 + 5*o + 1. Let l be u(-4). What is the highest common factor of l and 116?
29
Let u be (4/(-14))/((-1)/91). What is the greatest common factor of u and 286?
26
Let g be 4/10 + 264/15. Let b = g + -16. What is the greatest common divisor of b and 2?
2
Let n = -27 - -78. Calculate the greatest common divisor of n and 17.
17
Suppose 5*z - j - 32 = -14, 4*j + 24 = 4*z. Suppose x - 24 = -3*o, -3*o = -z*x + 2*o + 128. What is the highest common factor of x a